alculate the remainder when 12024 is divided by 5528.
968
Calculate the remainder when 69997768 is divided by 11666292.
16
Calculate the remainder when 8687760 is divided by 6144.
144
Calculate the remainder when 872415 is divided by 740.
695
Calculate the remainder when 985538104 is divided by 1966.
1964
Calculate the remainder when 30126 is divided by 3956.
2434
What is the remainder when 5130776 is divided by 1295?
1281
What is the remainder when 7165842 is divided by 42152?
2
What is the remainder when 916894 is divided by 115?
114
Calculate the remainder when 8460122 is divided by 1888.
1882
Calculate the remainder when 4013034 is divided by 535.
534
Calculate the remainder when 19908 is divided by 4.
0
Calculate the remainder when 442136 is divided by 2597.
646
Calculate the remainder when 115808 is divided by 9674.
9394
Calculate the remainder when 59296 is divided by 14655.
676
Calculate the remainder when 280044 is divided by 1590.
204
Calculate the remainder when 90495 is divided by 510.
225
What is the remainder when 301523 is divided by 6326?
4201
Calculate the remainder when 2026764 is divided by 2819.
2722
What is the remainder when 64607334 is divided by 32303666?
2
What is the remainder when 419415 is divided by 9973?
549
What is the remainder when 244659 is divided by 9786?
9
Calculate the remainder when 230753 is divided by 24678.
8651
Calculate the remainder when 5844398 is divided by 1168.
894
Calculate the remainder when 1131899 is divided by 33269.
753
What is the remainder when 642034 is divided by 131?
3
Calculate the remainder when 129068 is divided by 16099.
276
Calculate the remainder when 44783475 is divided by 1660.
1655
Calculate the remainder when 72661 is divided by 3951.
1543
What is the remainder when 121161 is divided by 93?
75
What is the remainder when 112339 is divided by 1497?
64
Calculate the remainder when 1048300 is divided by 2804.
2408
Calculate the remainder when 721038 is divided by 16023.
3
What is the remainder when 3975004 is divided by 327?
319
Calculate the remainder when 20926326 is divided by 18.
12
Calculate the remainder when 450994419 is divided by 58.
49
What is the remainder when 52910 is divided by 173?
145
Calculate the remainder when 2356747 is divided by 234.
133
What is the remainder when 219692544 is divided by 731?
728
What is the remainder when 769440 is divided by 16021?
432
What is the remainder when 3370622 is divided by 1212?
50
What is the remainder when 1352970 is divided by 5390?
80
Calculate the remainder when 160947 is divided by 29.
26
Calculate the remainder when 9158498 is divided by 52.
50
What is the remainder when 3030252 is divided by 1010084?
0
Calculate the remainder when 133609 is divided by 133592.
17
What is the remainder when 2349605 is divided by 391517?
503
What is the remainder when 209654 is divided by 41922?
44
Calculate the remainder when 238101631 is divided by 119050812.
7
What is the remainder when 84445 is divided by 2613?
829
What is the remainder when 2584179 is divided by 234?
117
Calculate the remainder when 10364792 is divided by 213.
212
What is the remainder when 14952084 is divided by 230031?
69
Calculate the remainder when 611682055 is divided by 9.
7
Calculate the remainder when 508586 is divided by 397.
29
Calculate the remainder when 843774 is divided by 1765.
104
Calculate the remainder when 63018 is divided by 3248.
1306
What is the remainder when 222397 is divided by 10572?
385
What is the remainder when 15625 is divided by 1780?
1385
Calculate the remainder when 2408619 is divided by 1203340.
1939
What is the remainder when 421755 is divided by 183?
123
Calculate the remainder when 202093 is divided by 835.
23
What is the remainder when 11175587 is divided by 1862595?
17
What is the remainder when 2328862 is divided by 232882?
42
What is the remainder when 25680 is divided by 24327?
1353
Calculate the remainder when 22482 is divided by 2034.
108
Calculate the remainder when 718513 is divided by 223.
7
What is the remainder when 2818466 is divided by 14834?
6
Calculate the remainder when 2392480 is divided by 165.
145
What is the remainder when 5356804 is divided by 111600?
4
What is the remainder when 66926 is divided by 92?
42
What is the remainder when 924934 is divided by 17787?
10
Calculate the remainder when 2122645 is divided by 530437.
897
Calculate the remainder when 199168 is divided by 2096.
48
What is the remainder when 9036392 is divided by 1807278?
2
Calculate the remainder when 34787018 is divided by 8696747.
30
What is the remainder when 2392833 is divided by 426?
417
Calculate the remainder when 3635964 is divided by 250.
214
Calculate the remainder when 1502038 is divided by 20570.
428
What is the remainder when 407617 is divided by 135870?
7
Calculate the remainder when 2174352 is divided by 2604.
12
What is the remainder when 6487651 is divided by 1003?
247
Calculate the remainder when 57831109 is divided by 2257.
2255
What is the remainder when 11246557 is divided by 32?
29
What is the remainder when 51124 is divided by 7301?
17
Calculate the remainder when 580406 is divided by 580190.
216
Calculate the remainder when 129235 is divided by 1190.
715
Calculate the remainder when 2107077 is divided by 1379.
1344
What is the remainder when 45922829 is divided by 88?
29
Calculate the remainder when 17802 is divided by 2518.
176
Calculate the remainder when 229772 is divided by 114806.
160
What is the remainder when 216884 is divided by 4612?
120
Calculate the remainder when 1206455 is divided by 86.
47
Calculate the remainder when 17207583 is divided by 531.
528
Calculate the remainder when 2911747 is divided by 3762.
3721
Calculate the remainder when 267029 is divided by 133504.
21
Calculate the remainder when 66155644 is divided by 13231127.
9
What is the remainder when 199930 is divided by 718?
326
What is the remainder when 637888 is divided by 228?
172
Calculate the remainder when 6052218 is divided by 4520.
4458
Calculate the remainder when 1240 is divided by 270.
160
What is the remainder when 82371 is divided by 3289?
146
What is the remainder when 394052 is divided by 6457?
175
Calculate the remainder when 786983 is divided by 16052.
435
What is the remainder when 3168340 is divided by 1583483?
1374
Calculate the remainder when 35502043 is divided by 4282.
4263
Calculate the remainder when 1296703 is divided by 117877.
56
What is the remainder when 142537 is divided by 41?
21
What is the remainder when 3663610 is divided by 1571?
38
Calculate the remainder when 55125 is divided by 4992.
213
What is the remainder when 6186493 is divided by 687388?
1
Calculate the remainder when 7967424 is divided by 98.
24
Calculate the remainder when 4863663 is divided by 71.
21
What is the remainder when 74902654 is divided by 257?
4
Calculate the remainder when 44481 is divided by 779.
78
Calculate the remainder when 25383 is divided by 5900.
1783
Calculate the remainder when 19471066 is divided by 502.
494
Calculate the remainder when 1439149 is divided by 26165.
74
What is the remainder when 13540225 is divided by 8914?
8773
What is the remainder when 7374668 is divided by 129380?
8
What is the remainder when 562098 is divided by 783?
687
Calculate the remainder when 341766 is divided by 454.
358
Calculate the remainder when 1389778 is divided by 420.
418
What is the remainder when 68531 is divided by 69?
14
What is the remainder when 3129267 is divided by 352?
339
Calculate the remainder when 102298 is divided by 22.
20
Calculate the remainder when 55287 is divided by 52806.
2481
What is the remainder when 475349 is divided by 33407?
7651
What is the remainder when 62175305 is divided by 678?
671
Calculate the remainder when 232597 is divided by 4008.
133
Calculate the remainder when 21818716 is divided by 88.
84
What is the remainder when 16462 is divided by 13603?
2859
What is the remainder when 154120973 is divided by 16?
13
Calculate the remainder when 80144291 is divided by 3053.
3041
Calculate the remainder when 453993 is divided by 6053.
18
What is the remainder when 61847352 is divided by 38?
34
Calculate the remainder when 126110 is divided by 491.
414
Calculate the remainder when 3015873 is divided by 117